{"id":8953,"date":"2021-12-09T00:12:49","date_gmt":"2021-12-08T23:12:49","guid":{"rendered":"https:\/\/balticwind.eu\/event\/spotkanie-grupy-roboczej-ds-energii-i-klimatu-komisji-morza-baltyckiego-cpmr\/"},"modified":"2021-12-09T00:12:53","modified_gmt":"2021-12-08T23:12:53","slug":"spotkanie-grupy-roboczej-ds-energii-i-klimatu-komisji-morza-baltyckiego-cpmr","status":"publish","type":"tribe_events","link":"https:\/\/balticwind.eu\/pl\/event\/spotkanie-grupy-roboczej-ds-energii-i-klimatu-komisji-morza-baltyckiego-cpmr\/","title":{"rendered":"Spotkanie Grupy Roboczej ds. Energii i Klimatu Komisji Morza Ba\u0142tyckiego CPMR"},"content":{"rendered":"<p>UE ma ambitne cele klimatyczne na rok 2030 i zobowi\u0105za\u0142a si\u0119 do osi\u0105gni\u0119cia neutralno\u015bci klimatycznej do roku 2050. Energia odnawialna odegra wa\u017cn\u0105 rol\u0119 w realizacji tych ambitnych cel\u00f3w. Wszyscy jeste\u015bmy \u015bwiadomi, \u017ce ramy czasowe na ograniczenie emisji dwutlenku w\u0119gla s\u0105 coraz kr\u00f3tsze i wszyscy jeste\u015bmy r\u00f3wnie\u017c \u015bwiadomi, \u017ce zapotrzebowanie na wi\u0119ksz\u0105 ilo\u015b\u0107 energii elektrycznej b\u0119dzie ros\u0142o. Temat spotkania: morska energetyka wiatrowa. BalticWind.EU b\u0119dzie reprezentowany przez swojego Za\u0142o\u017cyciela i Dyrektora Zarz\u0105dzaj\u0105cego, Paw\u0142a Wr\u00f3bla.<\/p>\n<p><strong>Kontekst:<\/strong><\/p>\n<p>&#8211; 2020: Komisja przyj\u0119\u0142a og\u00f3lnounijn\u0105 strategi\u0119 maj\u0105c\u0105 na celu wykorzystanie potencja\u0142u morskiej energii odnawialnej dla zapewnienia neutralnej dla klimatu przysz\u0142o\u015bci<\/p>\n<p>&#8211; Lipiec 2021 r.: opublikowanie przez Komisj\u0119 Europejsk\u0105 pakietu Fit for 55<\/p>\n<p>&#8211; Pa\u017adziernik 2021 r.: przyj\u0119cie nowego programu prac w regionie Morza Ba\u0142tyckiego po\u015bwi\u0119conego morskiej energii wiatrowej w ramach Grupy Wysokiego Szczebla ds. planu dzia\u0142a\u0144 w zakresie po\u0142\u0105cze\u0144 mi\u0119dzysystemowych na rynku energii pa\u0144stw ba\u0142tyckich<\/p>\n<p>Od 9:00 rano do: 11:00<\/p>\n","protected":false},"excerpt":{"rendered":"<p>UE ma ambitne cele klimatyczne na rok 2030 i zobowi\u0105za\u0142a si\u0119 do osi\u0105gni\u0119cia neutralno\u015bci klimatycznej do roku 2050. Energia odnawialna odegra wa\u017cn\u0105 rol\u0119 w realizacji tych ambitnych cel\u00f3w. Wszyscy jeste\u015bmy \u015bwiadomi, \u017ce ramy czasowe na ograniczenie emisji dwutlenku w\u0119gla s\u0105 coraz kr\u00f3tsze i wszyscy jeste\u015bmy r\u00f3wnie\u017c \u015bwiadomi, \u017ce zapotrzebowanie na wi\u0119ksz\u0105 ilo\u015b\u0107 energii elektrycznej b\u0119dzie [&hellip;]<\/p>\n","protected":false},"author":13,"featured_media":8668,"comment_status":"open","ping_status":"closed","template":"","meta":[],"tags":[331,788,632,870,890],"tribe_events_cat":[],"acf":[],"_links":{"self":[{"href":"https:\/\/balticwind.eu\/pl\/wp-json\/wp\/v2\/tribe_events\/8953"}],"collection":[{"href":"https:\/\/balticwind.eu\/pl\/wp-json\/wp\/v2\/tribe_events"}],"about":[{"href":"https:\/\/balticwind.eu\/pl\/wp-json\/wp\/v2\/types\/tribe_events"}],"author":[{"embeddable":true,"href":"https:\/\/balticwind.eu\/pl\/wp-json\/wp\/v2\/users\/13"}],"replies":[{"embeddable":true,"href":"https:\/\/balticwind.eu\/pl\/wp-json\/wp\/v2\/comments?post=8953"}],"version-history":[{"count":0,"href":"https:\/\/balticwind.eu\/pl\/wp-json\/wp\/v2\/tribe_events\/8953\/revisions"}],"wp:featuredmedia":[{"embeddable":true,"href":"https:\/\/balticwind.eu\/pl\/wp-json\/wp\/v2\/media\/8668"}],"wp:attachment":[{"href":"https:\/\/balticwind.eu\/pl\/wp-json\/wp\/v2\/media?parent=8953"}],"wp:term":[{"taxonomy":"post_tag","embeddable":true,"href":"https:\/\/balticwind.eu\/pl\/wp-json\/wp\/v2\/tags?post=8953"},{"taxonomy":"tribe_events_cat","embeddable":true,"href":"https:\/\/balticwind.eu\/pl\/wp-json\/wp\/v2\/tribe_events_cat?post=8953"}],"curies":[{"name":"wp","href":"https:\/\/api.w.org\/{rel}","templated":true}]}}

Spotkanie Grupy Roboczej ds. Energii i Klimatu Komisji Morza Bałtyckiego CPMR

<p>UE ma ambitne cele klimatyczne na rok 2030 i zobowiązała się do osiągnięcia neutralności klimatycznej do roku 2050. Energia odnawialna odegra ważną rolę w realizacji tych ambitnych celów. Wszyscy jesteśmy świadomi, że ramy czasowe na ograniczenie emisji dwutlenku węgla są coraz krótsze i wszyscy jesteśmy również świadomi, że zapotrzebowanie na większą ilość energii elektrycznej będzie rosło. Temat spotkania: morska energetyka wiatrowa. BalticWind.EU będzie reprezentowany przez swojego Założyciela i Dyrektora Zarządzającego, Pawła Wróbla.</p>
<p><strong>Kontekst:</strong></p>
<p>&#8211; 2020: Komisja przyjęła ogólnounijną strategię mającą na celu wykorzystanie potencjału morskiej energii odnawialnej dla zapewnienia neutralnej dla klimatu przyszłości</p>
<p>&#8211; Lipiec 2021 r.: opublikowanie przez Komisję Europejską pakietu Fit for 55</p>
<p>&#8211; Październik 2021 r.: przyjęcie nowego programu prac w regionie Morza Bałtyckiego poświęconego morskiej energii wiatrowej w ramach Grupy Wysokiego Szczebla ds. planu działań w zakresie połączeń międzysystemowych na rynku energii państw bałtyckich</p>
<p>Od 9:00 rano do: 11:00</p>

<p>UE ma ambitne cele klimatyczne na rok 2030 i zobowiązała się do osiągnięcia neutralności klimatycznej do roku 2050. Energia odnawialna odegra ważną rolę w realizacji tych ambitnych celów. Wszyscy jesteśmy świadomi, że ramy czasowe na ograniczenie emisji dwutlenku węgla są coraz krótsze i wszyscy jesteśmy również świadomi, że zapotrzebowanie na większą ilość energii elektrycznej będzie [&hellip;]</p>
